 (5 - 5 - 4)?
-1
What is the value of 2 - 9 - (4 + -9)?
-2
9 - (-7 + 7) - 15
-6
Calculate 5 - (-3 + -3 + 3).
8
What is -1 + -13 + 8 - 0?
-6
What is -15 - -10 - (-8 - (-6 + 4))?
1
Calculate 16 + (-4 - 5) - 3.
4
What is -13 + 0 + (2 - -3)?
-8
Evaluate -2 + (5 + -9 - -1).
-5
What is -3 - 4 - (-2 - 0)?
-5
Evaluate 77 + -73 - (1 - -5).
-2
Evaluate (0 + -1 - 1) + (107 - 107).
-2
19 + -34 + 21 + (-6 - 0)
0
Evaluate 1 + -2 + 5 + 2 + -4.
2
What is the value of 0 - 0 - ((5 - 1) + -3)?
-1
What is the value of (5 - -2) + -4 + 1 + -1?
3
What is the value of -4 + 8 + 2 + -1?
5
What is (-9 - 0) + (26 - 23)?
-6
What is 7 - ((7 - -3) + -4)?
1
Calculate 5 - 4 - 4 - -3.
0
What is (-4 - -11) + 6 + -3?
10
(-3 - (3 - 10)) + -4
0
-31 + 32 + (-1 - -1)
1
What is the value of (0 - -3 - (0 - -4)) + -3?
-4
What is the value of -8 + 4 + -3 + -3 + 4?
-6
Evaluate 1 + 13 - (10 - -14).
-10
Calculate 2 + -2 + -4 + 3.
-1
What is 5 + (-6 - (-1 - 3))?
3
-2 + 0 + -7 + 5 + -1
-5
1 - -1 - (4 + (-6 - -5))
-1
What is the value of (2 - -2) + -13 + 12?
3
What is the value of (-4 - 3) + (3 - 1) + 4?
-1
Evaluate -6 + 3 - (6 + -4).
-5
(-4 - (0 - (9 - 5))) + 1
1
What is the value of 3 - (21 - (2 + 9))?
-7
What is the value of (4 - (2 - -2)) + (-11 - -9)?
-2
What is 2 + (1 - (-3 + (-3 - -4)))?
5
What is the value of (-1 - -6 - (-12 - -19)) + 4?
2
What is (-1 - -1) + -1 + -3?
-4
What is the value of 23 + -9 + -8 + 0?
6
What is 2 - ((7 - -2) + -1) - -1?
-5
-2 + -1 + (2 - (-8 + 2))
5
What is the value of 3 + -4 + (4 - -1)?
4
(-11 - -5) + 1 + 0
-5
What is the value of -7 + 4 + 10 - (7 + 6)?
-6
-3 - (-6 + 4 + -3)
2
What is (-2 - (-3 - 2 - -6)) + 5?
2
Calculate (-24 - -17) + 3 - (-1 - 8).
5
Calculate 20 - (-10 - -29 - 10).
11
(5 - (2 - 0)) + (-4 - 4)
-5
4 - (-3 - (-1 - -4 - 9))
1
-3 + (-4 + 13 - 3)
3
What is the value of 12 + -9 - (0 + 2)?
1
What is -10 + (-5 - (4 + -4)) - -7?
-8
Evaluate -1 - -3 - (-4 + 6 + -5).
5
Evaluate -3 - (-2 - (-1 - -3)) - 3.
-2
Calculate -4 - 5 - (0 - 7).
-2
Evaluate (8 - 16) + 15 + -9.
-2
Calculate 6 + 1 + -4 + 0 + -6.
-3
Evaluate (-6 - (4 + -8)) + 0 + 1.
-1
What is (-7 - (1 - 1)) + 0 - -4?
-3
What is 4 - 0 - (69 + -62)?
-3
What is (-2 - 4 - -3) + 0?
-3
What is the value of -50 - -51 - (0 + 2 + 2)?
-3
What is -5 + 5 + 1 - (2 + -1)?
0
0 - 1 - (33 - 36)
2
Evaluate (0 - 1) + 6 + (-1 - 8).
-4
What is 3 - ((-2 - (-4 - 2)) + -4)?
3
-3 + 3 - (-1 - 0)
1
-4 + (-1 - (0 - -2 - 6))
-1
What is -1 + 10 + -1 + -6 + 4?
6
What is the value of -3 + 5 + -3 + 4 - 3?
0
What is the value of (1 + 6 - 5 - 4) + 8?
6
What is the value of -6 + 1 + -46 + 47?
-4
Calculate 2 - (3 - (-5 + 3 + 5)).
2
Evaluate -19 + 6 + 3 - -7.
-3
What is (9 - 6) + 0 + (0 - 0)?
3
Calculate -5 + (1 - (8 + -13)).
1
Evaluate 5 + (-5 - 0) + 4.
4
Calculate -4 - (-5 - (-3 + 1 - 1)).
-2
What is 17 + -14 - (6 + -2 - 2)?
1
-2 - ((-3 - -2) + 0 + -2)
1
Calculate 2 - (-6 + 0 + -2) - 3.
7
What is (73 - 70) + 0 + -2 + -8?
-7
-8 + 8 - (1 - 1)
0
What is -2 + -3 + (1 - -9)?
5
What is the value of 0 - 5 - (-92 - -87)?
0
What is -2 - -1 - (-4 + -16 + 16)?
3
Calculate 1 - -2 - (-11 - (3 + -12)).
5
What is the value of -14 + -4 + 20 + -8?
-6
-6 + 2 - 3 - (22 + -29)
0
Calculate 0 - (-10 - -3 - -12).
-5
What is (11 - 5 - 9) + 8 + 2?
7
What is the value of 4 + (9 - 5 - 10) + -2?
-4
What is (3 - (-7 + 5 - 1)) + -5?
1
What is the value of (1 + -6 - -4) + 5 + -1?
3
What is -37 - -28 - (-5 + -1)?
-3
(6 - 2) + 2 - (-23 - -30)
-1
(-6 - -12) + -14 + 4
-4
Evaluate -1 + 9 + -4 + 3.
7
Evaluate 3 + 0 + 0 - 7.
-4
Evaluate 10 - (-7 - -5 - -7).
5
Calculate -11 + 6 - 0 - -6 - -4.
5
What is 4 - (5 - -2) - 2?
-5
-2 - -8 - (6 - 1)
1
(1 - -2) + -12 + (-2 - -6)
-5
What is -1 - ((-2 - 4) + 3)?
2
What is the value of 8 - (4 - 5 - -4)?
5
Evaluate -1 + -2 + (-1 - -7).
3
What is the value of 10 + -10 + -10 + 19?
9
Calculate -1 - (-8 + (10 - 5)).
2
What is the value of 12 - 1 - (-32 - -38)?
5
Calculate 1 + 2 + -24 + 19.
-2
What is the value of 7 + 0 + (12 - 25)?
-6
Calculate 13 - 6 - (1 - 2).
8
What is (0 - (6 + 0)) + -1?
-7
Calculate -10 - -14 - (1 + (-2 - -1)).
4
What is 7 + -9 + 1 + 8?
7
Calculate (-1 - 0) + -24 + 18 + -1.
-8
(6 - 17) + 8 + (9 - 0)
6
What is 4 + -2 + -3 + -3?
-4
Evaluate 0 - -4 - -1 - (14 + -7).
-2
Evaluate (4 - 1 - 2 - 3) + 4.
2
What is the value of 4 - (4 + -6) - 9?
-3
What is (-1 - -1 - 4) + 1?
-3
Calculate 0 + (3 - (5 + -1)) + 1.
0
Evaluate (5 - 1) + -26 + 23.
1
Calculate 1 - (0 - 1) - -3.
5
6 + (3 - (-1 - -8)) - 2
0
Calculate -1 + -1 + (1 - 0) + -1.
-2
Calculate -7 + -1 + (29 - 14).
7
-1 - (2 + (9 - 5 - 3))
-4
Calculate 6 + (-1 - 10) - 1.
-6
Calculate 8 - 11 - -1 - (-2 + 0).
0
0 + (-7 - -4) + 4
1
-5 - (-5 - ((6 - 3) + -5))
-2
What is the value of 1 - 3 - -3 - 1?
0
Evaluate (2 - 10) + 16 + -12.
-4
Evaluate -2 - ((9 - 18) + 2).
5
Calculate (-8 - -4) + 2 + 3.
1
(1 - (-5 + 4)) + 2 + 2
6
What is the value of -2 + 7 + (-23 - -14)?
-4
What is -2 + 6 - (15 - 12)?
1
1 + -5 + 10 + -2
4
What is the value of 1 - 5 - (7 + -17 + 0)?
6
Evaluate 8 + -5 + 5 - 3.
5
What is the value of -1 + -2 + 4 - -2?
3
Calculate -1 + (18 - 24) + -1 + 5.
-3
Evaluate 2 - (7 - 6 - 0).
1
What is the value of 14 + (-11 - -2 - 15)?
-10
-12 - (1 + -15 - -7)
-5
What is (1 - (-2 + 6)) + (3 - -1)?
1
Calculate 6 - ((14 - 2) + -6).
0
What is the value of (4 - -2 - 4) + -2 + -2?
-2
Evaluate -2 - (-3 - (-2 + -1)) - 5.
-7
2 + (-1 - 0) - (263 + -262)
0
Evaluate 0 + 2 + -5 + 4 + 2.
3
What is -1 + (-8 + 15 - 4)?
2
Calculate (-2 - (-6 + 1)) + -1.
2
2 + -8 + (5 + 0 - 0)
-1
Calculate 0 - (-2 - (-1 - (0 - -2))).
-1
Evaluate (-4 - -2) + 6 - (4 - -2).
-2
Evaluate (-26 - -27) + (-2 - 0).
-1
Calculate (3 - 6) + (48 - 38).
7
Evaluate -4 - ((-2 - 6) + 2).
2
-2 + (1 - -7) - 10
-4
What is the value of -2 - (-6 - -3) - (2 + -1)?
0
What is the value of (-6 - -9 - 6) + (6 - 1)?
2
Calculate (2 - 12) + 18 + -2.
6
Evaluate -10 + 5 + (17 - 4).
8
Calculate -3 + 6 + -3 + -2.
-2
What is 9 - (9 + -12 - -10)?
2
What is 7 + (-4 + 3 - 5) + -8?
-7
7 - -1 - (-2 + 10)
0
What is the value of -4 - (-5 + -2 - -6)?
-3
What is (-8 - (-5 - 5)) + -1?
1
What is the value of 0 + -6 - ((2 - 1) + -2)?
-5
-13 - (0 - (6 - 1))
-8
What is -12 + 2 + 1 + -28 + 30?
-7
Calculate 1 - (-3 - (-6 + 10) - -3).
5
What is the value of 4 + 0 + (3 - 6)?
1
What is the value of 8 + -7 + (1 - 0)?
2
What is (-2 - 1) + -4 + (-1 - -3)?
-5
What is the value of 9 + -3 - (-3 + 4 - -1)?
4
What is 14 + 1 + -2 + (40 - 46)?
7
Evaluate 1 + -3 + -1 + (-2 - 0).
-5
What is 5 - (-19 - -19 - (0 - 0))?
5
What is 23 + -16 - (0 - -3 - 3)?
7
What is the value of 0 - 0 - (-2 + (-6 - -6))?
2
-6 + 11 + 10 + -6
9
Evaluate -19 + 17 + -2 + -2 - 0.
-6
What is 4 - 8 - (1 - 7)?
2
What is the value of 6 - (0 + 1 + 1 + 1)?
3
9 - (-8 + -9 + 18)
8
(16 - (-6 + 9)) + -5
8
What is 8 - ((-11 - -8) + 2 - -4)?
5
Calculate 4 + 1 + (3 - (7 - 0)).
1
What is 14 - (2 - 1) - (-9 + 13)?
9
What is the value of (-5 + (5 - -1) - -5) + -3?
3
27 + -28 + 0 + (-5 - -1)
-5
Calculate 6 + (-3 + -1 - (4 + -8)).
6
Evaluate (4 - 1) + -2 + 12 + -5.
8
What is (-2 - (-1 - -3)) + (-1 - -1)?
-4
What is 10 - (6 + (-5 - -8))?
1
Evaluate 3 + (-2 - -2) + 3 + -5.
1
Calculate -3 + 32 + -39 + -1 + 5.
-6
What is 1 - 4 - (41 - 47)?
3
What is the value of 5 - (7 + 1 + -3) - 2?
-2
Evaluate -1 - (-7 - -5) - 5.
-4
Evaluate 1 + (-1 - -1) - (-5 + 0).
6
4 + -9 + -2 + 2
-5
2 + (3 - 5 - -6) + -3
3
What is the value of 18 + -14 - (5 - (1 - 0))?
0
What is the value of 0 + 4 + (22 + -10 - 16)?
0
Calculate (-4 - 0) + (2 + -4 - 0).
-6
1 - -4 - (5 - 2)
2
(-2 - 0 - 1) + 77 + -77
-3
What is (-3 + 0 - (13 - 15)) + -3?
-4
What is the value of (-44 - -51) + -6 + 0?
1
Evaluate 0 - (-2 - (-3 - -4 - -1)).
4
(-9 - 1) + 1 - (-9 + 5)
-5
Evaluate (3 - (-3 - -3)) + -1.
2
Calculate -1 + -3 - (9 - 12 - -4).
-5
Calculate -19 + 18 + -2 + (1 - -7).
5
Calculate -4 - (-2 - 1 - (6 + -9)).
-4
What is the value of (6 - (-7 - -9)) + -7?
-3
(-3 - (-1 + 5 + -11)) + 1
5
What is -15 + (3 - (-4 + 0 + -1))?
-7
(5 - -9) + -24 + 13
3
What is (-2 - (-3 + -3)) + (0 - 4)?
0
(0 - 10) + -32 + 38 + 1
-3
4 - ((36 - 7) + -8 - 7)
-10
Calculate (5 - 1) + (-1 - 0) + -8.
-5
-6 + (-3 - -7) - 0
-2
Calculate -6 + (14 - 5 - 6) + -3.
-6
What is (0 - (4 + 1)) + (-7 - -9)?
-3
What is -7 - (-6 + (8 - 6))?
-3
What is (3 - 2 - 1 - 2) + 1?
-1
Calculate 1 + (-3 - -6) - (1 + -1).
4
Calcula